{"id":6898,"date":"2021-11-05T13:08:57","date_gmt":"2021-11-05T13:08:57","guid":{"rendered":"https:\/\/cicgroup.com\/nooter-eriksen\/?page_id=6898"},"modified":"2025-01-20T17:42:41","modified_gmt":"2025-01-20T17:42:41","slug":"231-law","status":"publish","type":"page","link":"https:\/\/cicgroup.com\/nooter-eriksen\/231-law\/","title":{"rendered":"231 Law"},"content":{"rendered":"\t\t<div data-elementor-type=\"wp-page\" data-elementor-id=\"6898\" class=\"elementor elementor-6898\" data-elementor-post-type=\"page\">\n\t\t\t\t<div class=\"elementor-element elementor-element-dddd2da e-con-full e-flex elementor-invisible e-con e-parent\" data-id=\"dddd2da\" data-element_type=\"container\" data-e-type=\"container\" data-settings=\"{&quot;background_background&quot;:&quot;classic&quot;,&quot;animation&quot;:&quot;fadeInDown&quot;}\">\n\t\t<div class=\"elementor-element elementor-element-1d17283a e-flex e-con-boxed e-con e-child\" data-id=\"1d17283a\" data-element_type=\"container\" data-e-type=\"container\">\n\t\t\t\t\t<div class=\"e-con-inner\">\n\t\t\t\t<div class=\"elementor-element elementor-element-5409c02f elementor-widget elementor-widget-heading\" data-id=\"5409c02f\" data-element_type=\"widget\" data-e-type=\"widget\" data-widget_type=\"heading.default\">\n\t\t\t\t<div class=\"elementor-widget-container\">\n\t\t\t\t\t<h1 class=\"elementor-heading-title elementor-size-default\">231 Law<\/h1>\t\t\t\t<\/div>\n\t\t\t\t<\/div>\n\t\t\t\t<div class=\"elementor-element elementor-element-7be1945b elementor-widget elementor-widget-button\" data-id=\"7be1945b\" data-element_type=\"widget\" data-e-type=\"widget\" data-widget_type=\"button.default\">\n\t\t\t\t<div class=\"elementor-widget-container\">\n\t\t\t\t\t\t\t\t\t<div class=\"elementor-button-wrapper\">\n\t\t\t\t\t<a class=\"elementor-button elementor-button-link elementor-size-sm elementor-animation-shrink\" href=\"#\">\n\t\t\t\t\t\t<span class=\"elementor-button-content-wrapper\">\n\t\t\t\t\t\t\t\t\t<span class=\"elementor-button-text\">Contact Us<\/span>\n\t\t\t\t\t<\/span>\n\t\t\t\t\t<\/a>\n\t\t\t\t<\/div>\n\t\t\t\t\t\t\t\t<\/div>\n\t\t\t\t<\/div>\n\t\t\t\t\t<\/div>\n\t\t\t\t<\/div>\n\t\t\t\t<\/div>\n\t\t<div class=\"elementor-element elementor-element-7413b041 e-flex e-con-boxed e-con e-parent\" data-id=\"7413b041\" data-element_type=\"container\" data-e-type=\"container\">\n\t\t\t\t\t<div class=\"e-con-inner\">\n\t\t<div class=\"elementor-element elementor-element-68992548 e-con-full e-flex e-con e-child\" data-id=\"68992548\" data-element_type=\"container\" data-e-type=\"container\">\n\t\t\t\t<div class=\"elementor-element elementor-element-e5aa601 elementor-icon-list--layout-inline elementor-align-center elementor-list-item-link-full_width elementor-widget elementor-widget-icon-list\" data-id=\"e5aa601\" data-element_type=\"widget\" data-e-type=\"widget\" data-widget_type=\"icon-list.default\">\n\t\t\t\t<div class=\"elementor-widget-container\">\n\t\t\t\t\t\t\t<ul class=\"elementor-icon-list-items elementor-inline-items\">\n\t\t\t\t\t\t\t<li class=\"elementor-icon-list-item elementor-inline-item\">\n\t\t\t\t\t\t\t\t\t\t\t<a href=\"https:\/\/cicgroup.com\/nooter-eriksen\/privacy-policy\/\">\n\n\t\t\t\t\t\t\t\t\t\t\t<span class=\"elementor-icon-list-text\">Privacy Policy<\/span>\n\t\t\t\t\t\t\t\t\t\t\t<\/a>\n\t\t\t\t\t\t\t\t\t<\/li>\n\t\t\t\t\t\t\t\t<li class=\"elementor-icon-list-item elementor-inline-item\">\n\t\t\t\t\t\t\t\t\t\t\t<a href=\"https:\/\/cicgroup.com\/nooter-eriksen\/italianprivacylawenglish\/\">\n\n\t\t\t\t\t\t\t\t\t\t\t<span class=\"elementor-icon-list-text\">Italian Privacy Law<\/span>\n\t\t\t\t\t\t\t\t\t\t\t<\/a>\n\t\t\t\t\t\t\t\t\t<\/li>\n\t\t\t\t\t\t\t\t<li class=\"elementor-icon-list-item elementor-inline-item\">\n\t\t\t\t\t\t\t\t\t\t\t<a href=\"https:\/\/cicgroup.com\/nooter-eriksen\/231-law\/\">\n\n\t\t\t\t\t\t\t\t\t\t\t<span class=\"elementor-icon-list-text\">231 Law<\/span>\n\t\t\t\t\t\t\t\t\t\t\t<\/a>\n\t\t\t\t\t\t\t\t\t<\/li>\n\t\t\t\t\t\t<\/ul>\n\t\t\t\t\t\t<\/div>\n\t\t\t\t<\/div>\n\t\t\t\t<div class=\"elementor-element elementor-element-379896b4 elementor-widget elementor-widget-heading\" data-id=\"379896b4\" data-element_type=\"widget\" data-e-type=\"widget\" data-widget_type=\"heading.default\">\n\t\t\t\t<div class=\"elementor-widget-container\">\n\t\t\t\t\t<h2 class=\"elementor-heading-title elementor-size-default\">231 Law\n<\/h2>\t\t\t\t<\/div>\n\t\t\t\t<\/div>\n\t\t\t\t<div class=\"elementor-element elementor-element-6b603464 elementor-widget elementor-widget-text-editor\" data-id=\"6b603464\" data-element_type=\"widget\" data-e-type=\"widget\" data-widget_type=\"text-editor.default\">\n\t\t\t\t<div class=\"elementor-widget-container\">\n\t\t\t\t\t\t\t\t\t<h5>Italiano<\/h5><p>Il decreto legislativo 8 giugno 2001 n. 231 (di seguito: d.lgs. 231\/2001) ha introdotto la disciplina della responsabilit\u00e0 amministrativa delle societ\u00e0. Secondo tale disciplina le societ\u00e0 possono essere ritenute responsabili, e conseguentemente sanzionate, in relazione a taluni reati commessi o tentati nell\u2019interesse o a vantaggio della societ\u00e0 stessa dagli amministratori o dai dipendenti. La responsabilit\u00e0 della societ\u00e0 viene esclusa se ha adottato ed efficacemente attuato, prima della commissione di reati, modelli di organizzazione, gestione e controllo (\u201cModelli 231\u201d) idonei a prevenire i reati stessi. Nooter\/Eriksen S.r.l. ha adottato dal 2006 il Modello di Organizzazione, Gestione e Controllo e Codice Etico ed ha recentemente, con il Consiglio di Amministrazione del 25 Novembre 2020, adeguato il contenuto all\u2019evoluzione organizzativa e normativa.<\/p><h5>English<\/h5><p>Nooter\/Eriksen S.r.l. 231 Legislative Decree 231 of 8 June 2001 introduced rules and regulations concerning the administrative responsibility of companies. These rules and regulations state that companies can be held responsible, and consequently be subject to fines, for any offences committed or any attempts to commit offences in the interests or to the advantage of the company itself by the company\u2019s directors or employees. The company is not liable, if prior to the perpetration of offences, it has adopted and effectively implemented organizational, management and control models (\u201cModels 231\u201d) which are adequate to prevent the offences. Nooter\/Eriksen S.r.l. adopted since 2006 the Model and the Ethic Code and recently, following the Board of Directors of the November 25, 2020, reviewed it accordingly with the organizational and law modification.<\/p>\t\t\t\t\t\t\t\t<\/div>\n\t\t\t\t<\/div>\n\t\t\t\t<div class=\"elementor-element elementor-element-f9f031e elementor-widget elementor-widget-text-editor\" data-id=\"f9f031e\" data-element_type=\"widget\" data-e-type=\"widget\" data-widget_type=\"text-editor.default\">\n\t\t\t\t<div class=\"elementor-widget-container\">\n\t\t\t\t\t\t\t\t\t<div class=\"fusion-layout-column fusion_builder_column_inner fusion-builder-nested-column-0 fusion_builder_column_inner_1_2 1_2 fusion-flex-column\"><div class=\"fusion-column-wrapper fusion-column-has-shadow fusion-flex-justify-content-flex-start fusion-content-layout-column\"><div class=\"fusion-text fusion-text-4\"><p><a href=\"https:\/\/cicgroup.com\/nooter-eriksen\/wp-content\/uploads\/sites\/3\/2021\/11\/Manual-MO-III-Ed.-Nov-2020.pdf\">Download N\/E Srl ~ 231 Law<\/a><\/p><p><a href=\"https:\/\/cicgroup.com\/nooter-eriksen\/wp-content\/uploads\/sites\/3\/2021\/11\/Procedura-Whistleblowing_Novembre-2020.pdf\">Download N\/E Srl ~ Whistleblowing Policy (Italiano)<\/a><\/p><p><a href=\"https:\/\/cicgroup.com\/nooter-eriksen\/wp-content\/uploads\/sites\/3\/2021\/11\/Codice-Etico_Novembre-2020.pdf\"><i class=\"zmdi zmdi-download\"><\/i>Download N\/E Srl ~ Code of Ethics (Italiano)<\/a><\/p><p><a href=\"https:\/\/cicgroup.com\/nooter-eriksen\/wp-content\/uploads\/sites\/3\/2021\/11\/Codice-Anticorruzione_Novembre-2020.pdf\"><i class=\"zmdi zmdi-download\"><\/i>Download N\/E Srl ~ Anti Corruption Code (Italiano)<\/a><\/p><\/div><\/div><\/div><div class=\"fusion-layout-column fusion_builder_column_inner fusion-builder-nested-column-1 fusion_builder_column_inner_1_2 1_2 fusion-flex-column\"><div class=\"fusion-column-wrapper fusion-column-has-shadow fusion-flex-justify-content-flex-start fusion-content-layout-column\"><div class=\"fusion-text fusion-text-5\"><p><a href=\"https:\/\/cicgroup.com\/nooter-eriksen\/wp-content\/uploads\/sites\/3\/2022\/04\/Download-NE-Srl-Legge-231-Manuale-Operativo-Italiano.pdf\">Download NE Srl \u2013 Legge 231 Manuale Operativo (Italiano)<\/a><\/p><p><a href=\"https:\/\/cicgroup.com\/nooter-eriksen\/wp-content\/uploads\/sites\/3\/2021\/11\/Whistleblowing-Policy-Nov-2020.pdf\">Download N\/E Srl ~ Whistleblowing Policy (English)<\/a><\/p><p><a href=\"https:\/\/cicgroup.com\/nooter-eriksen\/wp-content\/uploads\/sites\/3\/2025\/01\/Governance.pdf\">Download N\/E Srl ~ Governance<\/a><\/p><p><a href=\"https:\/\/cicgroup.com\/nooter-eriksen\/wp-content\/uploads\/sites\/3\/2021\/11\/Code-of-Ethics-Nov-2020.pdf\">Download N\/E Srl ~ Code of Ethics (English)<\/a><\/p><p><a href=\"https:\/\/cicgroup.com\/nooter-eriksen\/wp-content\/uploads\/sites\/3\/2021\/11\/Anticorruption-Code-Nov-2020.pdf\">Download N\/E Srl ~ Anti Corruption Code (English)<\/a><\/p><\/div><\/div><\/div>\t\t\t\t\t\t\t\t<\/div>\n\t\t\t\t<\/div>\n\t\t\t\t<\/div>\n\t\t\t\t\t<\/div>\n\t\t\t\t<\/div>\n\t\t\t\t<\/div>\n\t\t","protected":false},"excerpt":{"rendered":"<p>231 Law Contact Us Privacy Policy Italian Privacy Law 231 Law 231 Law Italiano Il decreto legislativo 8 giugno 2001 n. 231 (di seguito: d.lgs. 231\/2001) ha introdotto la disciplina della responsabilit\u00e0 amministrativa delle societ\u00e0. Secondo tale disciplina le societ\u00e0 possono essere ritenute responsabili, e conseguentemente sanzionate, in relazione a taluni reati commessi o tentati [&hellip;]<\/p>\n","protected":false},"author":10,"featured_media":0,"parent":0,"menu_order":0,"comment_status":"closed","ping_status":"closed","template":"","meta":{"footnotes":""},"class_list":["post-6898","page","type-page","status-publish","hentry"],"yoast_head":"<!-- This site is optimized with the Yoast SEO Premium plugin v26.9 (Yoast SEO v26.9) - https:\/\/yoast.com\/product\/yoast-seo-premium-wordpress\/ -->\n<title>231 Law - Nooter Eriksen<\/title>\n<meta name=\"robots\" content=\"index, follow, max-snippet:-1, max-image-preview:large, max-video-preview:-1\" \/>\n<link rel=\"canonical\" href=\"https:\/\/cicgroup.com\/nooter-eriksen\/231-law\/\" \/>\n<meta property=\"og:locale\" content=\"en_US\" \/>\n<meta property=\"og:type\" content=\"article\" \/>\n<meta property=\"og:title\" content=\"231 Law\" \/>\n<meta property=\"og:description\" content=\"231 Law Contact Us Privacy Policy Italian Privacy Law 231 Law 231 Law Italiano Il decreto legislativo 8 giugno 2001 n. 231 (di seguito: d.lgs. 231\/2001) ha introdotto la disciplina della responsabilit\u00e0 amministrativa delle societ\u00e0. Secondo tale disciplina le societ\u00e0 possono essere ritenute responsabili, e conseguentemente sanzionate, in relazione a taluni reati commessi o tentati [&hellip;]\" \/>\n<meta property=\"og:url\" content=\"https:\/\/cicgroup.com\/nooter-eriksen\/231-law\/\" \/>\n<meta property=\"og:site_name\" content=\"Nooter Eriksen\" \/>\n<meta property=\"article:modified_time\" content=\"2025-01-20T17:42:41+00:00\" \/>\n<meta name=\"twitter:card\" content=\"summary_large_image\" \/>\n<meta name=\"twitter:label1\" content=\"Est. reading time\" \/>\n\t<meta name=\"twitter:data1\" content=\"2 minutes\" \/>\n<script type=\"application\/ld+json\" class=\"yoast-schema-graph\">{\"@context\":\"https:\/\/schema.org\",\"@graph\":[{\"@type\":\"WebPage\",\"@id\":\"https:\/\/cicgroup.com\/nooter-eriksen\/231-law\/\",\"url\":\"https:\/\/cicgroup.com\/nooter-eriksen\/231-law\/\",\"name\":\"231 Law - Nooter Eriksen\",\"isPartOf\":{\"@id\":\"https:\/\/cicgroup.com\/nooter-eriksen\/#website\"},\"datePublished\":\"2021-11-05T13:08:57+00:00\",\"dateModified\":\"2025-01-20T17:42:41+00:00\",\"breadcrumb\":{\"@id\":\"https:\/\/cicgroup.com\/nooter-eriksen\/231-law\/#breadcrumb\"},\"inLanguage\":\"en-US\",\"potentialAction\":[{\"@type\":\"ReadAction\",\"target\":[\"https:\/\/cicgroup.com\/nooter-eriksen\/231-law\/\"]}]},{\"@type\":\"BreadcrumbList\",\"@id\":\"https:\/\/cicgroup.com\/nooter-eriksen\/231-law\/#breadcrumb\",\"itemListElement\":[{\"@type\":\"ListItem\",\"position\":1,\"name\":\"Home\",\"item\":\"https:\/\/cicgroup.com\/nooter-eriksen\/\"},{\"@type\":\"ListItem\",\"position\":2,\"name\":\"231 Law\"}]},{\"@type\":\"WebSite\",\"@id\":\"https:\/\/cicgroup.com\/nooter-eriksen\/#website\",\"url\":\"https:\/\/cicgroup.com\/nooter-eriksen\/\",\"name\":\"Nooter Eriksen\",\"description\":\"Thermal Design &amp; Heat Transfer Specialists\",\"publisher\":{\"@id\":\"https:\/\/cicgroup.com\/nooter-eriksen\/#organization\"},\"potentialAction\":[{\"@type\":\"SearchAction\",\"target\":{\"@type\":\"EntryPoint\",\"urlTemplate\":\"https:\/\/cicgroup.com\/nooter-eriksen\/?s={search_term_string}\"},\"query-input\":{\"@type\":\"PropertyValueSpecification\",\"valueRequired\":true,\"valueName\":\"search_term_string\"}}],\"inLanguage\":\"en-US\"},{\"@type\":\"Organization\",\"@id\":\"https:\/\/cicgroup.com\/nooter-eriksen\/#organization\",\"name\":\"Nooter\/Eriksen Inc.\",\"url\":\"https:\/\/cicgroup.com\/nooter-eriksen\/\",\"logo\":{\"@type\":\"ImageObject\",\"inLanguage\":\"en-US\",\"@id\":\"https:\/\/cicgroup.com\/nooter-eriksen\/#\/schema\/logo\/image\/\",\"url\":\"https:\/\/cicgroup.com\/nooter-eriksen\/wp-content\/uploads\/sites\/3\/2020\/07\/mobile-logo.png\",\"contentUrl\":\"https:\/\/cicgroup.com\/nooter-eriksen\/wp-content\/uploads\/sites\/3\/2020\/07\/mobile-logo.png\",\"width\":200,\"height\":65,\"caption\":\"Nooter\/Eriksen Inc.\"},\"image\":{\"@id\":\"https:\/\/cicgroup.com\/nooter-eriksen\/#\/schema\/logo\/image\/\"}}]}<\/script>\n<!-- \/ Yoast SEO Premium plugin. -->","yoast_head_json":{"title":"231 Law - Nooter Eriksen","robots":{"index":"index","follow":"follow","max-snippet":"max-snippet:-1","max-image-preview":"max-image-preview:large","max-video-preview":"max-video-preview:-1"},"canonical":"https:\/\/cicgroup.com\/nooter-eriksen\/231-law\/","og_locale":"en_US","og_type":"article","og_title":"231 Law","og_description":"231 Law Contact Us Privacy Policy Italian Privacy Law 231 Law 231 Law Italiano Il decreto legislativo 8 giugno 2001 n. 231 (di seguito: d.lgs. 231\/2001) ha introdotto la disciplina della responsabilit\u00e0 amministrativa delle societ\u00e0. Secondo tale disciplina le societ\u00e0 possono essere ritenute responsabili, e conseguentemente sanzionate, in relazione a taluni reati commessi o tentati [&hellip;]","og_url":"https:\/\/cicgroup.com\/nooter-eriksen\/231-law\/","og_site_name":"Nooter Eriksen","article_modified_time":"2025-01-20T17:42:41+00:00","twitter_card":"summary_large_image","twitter_misc":{"Est. reading time":"2 minutes"},"schema":{"@context":"https:\/\/schema.org","@graph":[{"@type":"WebPage","@id":"https:\/\/cicgroup.com\/nooter-eriksen\/231-law\/","url":"https:\/\/cicgroup.com\/nooter-eriksen\/231-law\/","name":"231 Law - Nooter Eriksen","isPartOf":{"@id":"https:\/\/cicgroup.com\/nooter-eriksen\/#website"},"datePublished":"2021-11-05T13:08:57+00:00","dateModified":"2025-01-20T17:42:41+00:00","breadcrumb":{"@id":"https:\/\/cicgroup.com\/nooter-eriksen\/231-law\/#breadcrumb"},"inLanguage":"en-US","potentialAction":[{"@type":"ReadAction","target":["https:\/\/cicgroup.com\/nooter-eriksen\/231-law\/"]}]},{"@type":"BreadcrumbList","@id":"https:\/\/cicgroup.com\/nooter-eriksen\/231-law\/#breadcrumb","itemListElement":[{"@type":"ListItem","position":1,"name":"Home","item":"https:\/\/cicgroup.com\/nooter-eriksen\/"},{"@type":"ListItem","position":2,"name":"231 Law"}]},{"@type":"WebSite","@id":"https:\/\/cicgroup.com\/nooter-eriksen\/#website","url":"https:\/\/cicgroup.com\/nooter-eriksen\/","name":"Nooter Eriksen","description":"Thermal Design &amp; Heat Transfer Specialists","publisher":{"@id":"https:\/\/cicgroup.com\/nooter-eriksen\/#organization"},"potentialAction":[{"@type":"SearchAction","target":{"@type":"EntryPoint","urlTemplate":"https:\/\/cicgroup.com\/nooter-eriksen\/?s={search_term_string}"},"query-input":{"@type":"PropertyValueSpecification","valueRequired":true,"valueName":"search_term_string"}}],"inLanguage":"en-US"},{"@type":"Organization","@id":"https:\/\/cicgroup.com\/nooter-eriksen\/#organization","name":"Nooter\/Eriksen Inc.","url":"https:\/\/cicgroup.com\/nooter-eriksen\/","logo":{"@type":"ImageObject","inLanguage":"en-US","@id":"https:\/\/cicgroup.com\/nooter-eriksen\/#\/schema\/logo\/image\/","url":"https:\/\/cicgroup.com\/nooter-eriksen\/wp-content\/uploads\/sites\/3\/2020\/07\/mobile-logo.png","contentUrl":"https:\/\/cicgroup.com\/nooter-eriksen\/wp-content\/uploads\/sites\/3\/2020\/07\/mobile-logo.png","width":200,"height":65,"caption":"Nooter\/Eriksen Inc."},"image":{"@id":"https:\/\/cicgroup.com\/nooter-eriksen\/#\/schema\/logo\/image\/"}}]}},"_links":{"self":[{"href":"https:\/\/cicgroup.com\/nooter-eriksen\/wp-json\/wp\/v2\/pages\/6898","targetHints":{"allow":["GET"]}}],"collection":[{"href":"https:\/\/cicgroup.com\/nooter-eriksen\/wp-json\/wp\/v2\/pages"}],"about":[{"href":"https:\/\/cicgroup.com\/nooter-eriksen\/wp-json\/wp\/v2\/types\/page"}],"author":[{"embeddable":true,"href":"https:\/\/cicgroup.com\/nooter-eriksen\/wp-json\/wp\/v2\/users\/10"}],"replies":[{"embeddable":true,"href":"https:\/\/cicgroup.com\/nooter-eriksen\/wp-json\/wp\/v2\/comments?post=6898"}],"version-history":[{"count":12,"href":"https:\/\/cicgroup.com\/nooter-eriksen\/wp-json\/wp\/v2\/pages\/6898\/revisions"}],"predecessor-version":[{"id":8757,"href":"https:\/\/cicgroup.com\/nooter-eriksen\/wp-json\/wp\/v2\/pages\/6898\/revisions\/8757"}],"wp:attachment":[{"href":"https:\/\/cicgroup.com\/nooter-eriksen\/wp-json\/wp\/v2\/media?parent=6898"}],"curies":[{"name":"wp","href":"https:\/\/api.w.org\/{rel}","templated":true}]}}